{"version":"1.0","provider_name":"Health Workforce Canada","provider_url":"https:\/\/healthworkforce.ca\/fr\/","author_name":"Hamza Shakeel","author_url":"https:\/\/healthworkforce.ca\/fr\/author\/hshakeelhealthworkforce-ca\/","title":"Responsable des communications - Health Workforce Canada","type":"rich","width":600,"height":338,"html":"<blockquote class=\"wp-embedded-content\" data-secret=\"qSpps9kXru\"><a href=\"https:\/\/healthworkforce.ca\/fr\/carriere\/responsable-des-communications\/\">Responsable des communications<\/a><\/blockquote><iframe sandbox=\"allow-scripts\" security=\"restricted\" src=\"https:\/\/healthworkforce.ca\/fr\/carriere\/responsable-des-communications\/embed\/#?secret=qSpps9kXru\" width=\"600\" height=\"338\" title=\"\u00ab\u00a0Responsable des communications\u00a0\u00bb &#8212; Health Workforce Canada\" data-secret=\"qSpps9kXru\" frameborder=\"0\" marginwidth=\"0\" marginheight=\"0\" scrolling=\"no\" class=\"wp-embedded-content\"><\/iframe><script>\n\/*! This file is auto-generated *\/\n!function(d,l){\"use strict\";l.querySelector&&d.addEventListener&&\"undefined\"!=typeof URL&&(d.wp=d.wp||{},d.wp.receiveEmbedMessage||(d.wp.receiveEmbedMessage=function(e){var t=e.data;if((t||t.secret||t.message||t.value)&&!\/[^a-zA-Z0-9]\/.test(t.secret)){for(var s,r,n,a=l.querySelectorAll('iframe[data-secret=\"'+t.secret+'\"]'),o=l.querySelectorAll('blockquote[data-secret=\"'+t.secret+'\"]'),c=new RegExp(\"^https?:$\",\"i\"),i=0;i<o.length;i++)o[i].style.display=\"none\";for(i=0;i<a.length;i++)s=a[i],e.source===s.contentWindow&&(s.removeAttribute(\"style\"),\"height\"===t.message?(1e3<(r=parseInt(t.value,10))?r=1e3:~~r<200&&(r=200),s.height=r):\"link\"===t.message&&(r=new URL(s.getAttribute(\"src\")),n=new URL(t.value),c.test(n.protocol))&&n.host===r.host&&l.activeElement===s&&(d.top.location.href=t.value))}},d.addEventListener(\"message\",d.wp.receiveEmbedMessage,!1),l.addEventListener(\"DOMContentLoaded\",function(){for(var e,t,s=l.querySelectorAll(\"iframe.wp-embedded-content\"),r=0;r<s.length;r++)(t=(e=s[r]).getAttribute(\"data-secret\"))||(t=Math.random().toString(36).substring(2,12),e.src+=\"#?secret=\"+t,e.setAttribute(\"data-secret\",t)),e.contentWindow.postMessage({message:\"ready\",secret:t},\"*\")},!1)))}(window,document);\n\/\/# sourceURL=https:\/\/healthworkforce.ca\/wp-includes\/js\/wp-embed.min.js\n<\/script>\n","description":"retour aux carri\u00e8res R\u00e9sum\u00e9 des fonctions Relevant de la responsable principale, Communications et engagement, la personne retenue aidera Effectif de la sant\u00e9 Canada \u00e0 \u00e9laborer et \u00e0 diffuser des communications \u00e0 l\u2019intention des parties prenantes cl\u00e9s\u202f: le personnel de la sant\u00e9, les employeurs, les d\u00e9cideurs, les gouvernements provinciaux et territoriaux et la population canadienne. En [&hellip;]"}

retour aux carrières Résumé des fonctions Relevant de la responsable principale, Communications et engagement, la personne retenue aidera Effectif de la santé Canada à élaborer et à diffuser des communications à l’intention des parties prenantes clés : le personnel de la santé, les employeurs, les décideurs, les gouvernements provinciaux et territoriaux et la population canadienne. En [&hellip;]
