{"version":"1.0","provider_name":"Health Workforce Canada","provider_url":"https:\/\/healthworkforce.ca\/fr\/","author_name":"Federico Ferrante","author_url":"https:\/\/healthworkforce.ca\/fr\/author\/fferrantehealthworkforce-ca\/","title":"Coordonnateur ou Coordonnatrice des communications - Health Workforce Canada","type":"rich","width":600,"height":338,"html":"<blockquote class=\"wp-embedded-content\" data-secret=\"HfIRHfa13E\"><a href=\"https:\/\/healthworkforce.ca\/fr\/carriere\/coordonnateur-ou-coordonnatrice-des-communications\/\">Coordonnateur ou Coordonnatrice des communications<\/a><\/blockquote><iframe sandbox=\"allow-scripts\" security=\"restricted\" src=\"https:\/\/healthworkforce.ca\/fr\/carriere\/coordonnateur-ou-coordonnatrice-des-communications\/embed\/#?secret=HfIRHfa13E\" width=\"600\" height=\"338\" title=\"\u00ab\u00a0Coordonnateur ou Coordonnatrice des communications\u00a0\u00bb &#8212; Health Workforce Canada\" data-secret=\"HfIRHfa13E\" frameborder=\"0\" marginwidth=\"0\" marginheight=\"0\" scrolling=\"no\" class=\"wp-embedded-content\"><\/iframe><script>\n\/*! This file is auto-generated *\/\n!function(d,l){\"use strict\";l.querySelector&&d.addEventListener&&\"undefined\"!=typeof URL&&(d.wp=d.wp||{},d.wp.receiveEmbedMessage||(d.wp.receiveEmbedMessage=function(e){var t=e.data;if((t||t.secret||t.message||t.value)&&!\/[^a-zA-Z0-9]\/.test(t.secret)){for(var s,r,n,a=l.querySelectorAll('iframe[data-secret=\"'+t.secret+'\"]'),o=l.querySelectorAll('blockquote[data-secret=\"'+t.secret+'\"]'),c=new RegExp(\"^https?:$\",\"i\"),i=0;i<o.length;i++)o[i].style.display=\"none\";for(i=0;i<a.length;i++)s=a[i],e.source===s.contentWindow&&(s.removeAttribute(\"style\"),\"height\"===t.message?(1e3<(r=parseInt(t.value,10))?r=1e3:~~r<200&&(r=200),s.height=r):\"link\"===t.message&&(r=new URL(s.getAttribute(\"src\")),n=new URL(t.value),c.test(n.protocol))&&n.host===r.host&&l.activeElement===s&&(d.top.location.href=t.value))}},d.addEventListener(\"message\",d.wp.receiveEmbedMessage,!1),l.addEventListener(\"DOMContentLoaded\",function(){for(var e,t,s=l.querySelectorAll(\"iframe.wp-embedded-content\"),r=0;r<s.length;r++)(t=(e=s[r]).getAttribute(\"data-secret\"))||(t=Math.random().toString(36).substring(2,12),e.src+=\"#?secret=\"+t,e.setAttribute(\"data-secret\",t)),e.contentWindow.postMessage({message:\"ready\",secret:t},\"*\")},!1)))}(window,document);\n\/\/# sourceURL=https:\/\/healthworkforce.ca\/wp-includes\/js\/wp-embed.min.js\n<\/script>\n","description":"Retour aux carri\u00e8res \u00c0 propos de nous Nous sommes un organisme sans but lucratif pancanadien dot\u00e9 d\u2019une vision audacieuse\u202f: transformer la planification de la main-d\u2019\u0153uvre en sant\u00e9 au Canada. Gr\u00e2ce \u00e0 des outils de mod\u00e9lisation avanc\u00e9s, \u00e0 l\u2019application de connaissances strat\u00e9giques et \u00e0 la mobilisation de r\u00e9seaux, nous servons de\u00a0catalyseur de changements syst\u00e9miques. Nous sommes [&hellip;]"}

Retour aux carrières À propos de nous Nous sommes un organisme sans but lucratif pancanadien doté d’une vision audacieuse : transformer la planification de la main-d’œuvre en santé au Canada. Grâce à des outils de modélisation avancés, à l’application de connaissances stratégiques et à la mobilisation de réseaux, nous servons de catalyseur de changements systémiques. Nous sommes [&hellip;]
